e factors of 139936.
2, 4373
What are the prime factors of 7914980?
2, 5, 395749
List the prime factors of 9770417.
43, 227219
List the prime factors of 5526770.
2, 5, 552677
List the prime factors of 2488586.
2, 1244293
What are the prime factors of 6572403?
3, 31, 23557
List the prime factors of 4087194.
2, 3, 727, 937
List the prime factors of 6986382.
2, 3, 13, 43, 2083
What are the prime factors of 260494?
2, 13, 43, 233
List the prime factors of 201277.
431, 467
List the prime factors of 2641883.
173, 15271
What are the prime factors of 835420?
2, 5, 41771
What are the prime factors of 3902108?
2, 7, 139361
List the prime factors of 12383307.
3, 19, 101, 239
What are the prime factors of 103188?
2, 3, 8599
List the prime factors of 309336.
2, 3, 12889
List the prime factors of 139397.
139397
List the prime factors of 3988580.
2, 5, 199429
List the prime factors of 29607272.
2, 3700909
List the prime factors of 792752.
2, 49547
What are the prime factors of 2658238?
2, 11, 120829
List the prime factors of 418802.
2, 209401
What are the prime factors of 18431286?
2, 3, 3071881
What are the prime factors of 35319236?
2, 523, 16883
List the prime factors of 1380907.
11, 47, 2671
List the prime factors of 4382550.
2, 3, 5, 9739
List the prime factors of 2481058.
2, 19, 109, 599
What are the prime factors of 435847?
435847
List the prime factors of 137741.
181, 761
What are the prime factors of 146090?
2, 5, 7, 2087
List the prime factors of 2230709.
13, 29, 61, 97
What are the prime factors of 1385524?
2, 7, 7069
What are the prime factors of 1307187?
3, 7, 20749
What are the prime factors of 710402?
2, 7, 11, 659
What are the prime factors of 2221873?
557, 3989
What are the prime factors of 270078?
2, 3, 45013
List the prime factors of 2435379.
3, 97, 8369
What are the prime factors of 878488?
2, 13, 8447
List the prime factors of 10181.
10181
List the prime factors of 95795.
5, 7, 17, 23
List the prime factors of 155899.
31, 47, 107
What are the prime factors of 18397942?
2, 31, 296741
List the prime factors of 1373148.
2, 3, 7, 5449
What are the prime factors of 3537729?
3, 13, 10079
What are the prime factors of 1395538?
2, 29, 24061
What are the prime factors of 40221098?
2, 4057, 4957
List the prime factors of 8765541.
3, 883, 1103
What are the prime factors of 13572824?
2, 83, 20441
List the prime factors of 491180.
2, 5, 41, 599
What are the prime factors of 2211067?
61, 67, 541
List the prime factors of 8143000.
2, 5, 17, 479
List the prime factors of 216826.
2, 108413
What are the prime factors of 1518911?
73, 20807
What are the prime factors of 9665878?
2, 4832939
What are the prime factors of 4262?
2, 2131
List the prime factors of 92319.
3, 30773
List the prime factors of 29915768.
2, 67, 55813
What are the prime factors of 123951?
3, 79, 523
List the prime factors of 18156368.
2, 227, 4999
What are the prime factors of 163306?
2, 11, 13, 571
What are the prime factors of 2920557?
3, 787, 1237
List the prime factors of 142293.
3, 47431
What are the prime factors of 892863?
3, 73, 151
What are the prime factors of 10690874?
2, 421, 12697
What are the prime factors of 811179?
3, 193, 467
What are the prime factors of 326081?
7, 37, 1259
What are the prime factors of 11186?
2, 7, 17, 47
List the prime factors of 738883.
173, 4271
List the prime factors of 2455484.
2, 19, 32309
What are the prime factors of 358688?
2, 11, 1019
List the prime factors of 236924.
2, 61, 971
List the prime factors of 628890.
2, 3, 5, 20963
List the prime factors of 9453723.
3, 3151241
What are the prime factors of 3820820?
2, 5, 73, 2617
What are the prime factors of 6984596?
2, 41, 42589
List the prime factors of 3091326.
2, 3, 7, 89, 827
List the prime factors of 5490336.
2, 3, 57191
What are the prime factors of 229515?
3, 5, 11, 13, 107
What are the prime factors of 3286393?
11, 167, 1789
List the prime factors of 9577537.
9577537
List the prime factors of 1265668.
2, 31, 59, 173
List the prime factors of 29290.
2, 5, 29, 101
List the prime factors of 129908.
2, 47, 691
What are the prime factors of 10929142?
2, 7, 19, 181, 227
List the prime factors of 1670771.
79, 21149
What are the prime factors of 2323?
23, 101
What are the prime factors of 29863076?
2, 7465769
What are the prime factors of 654557?
23, 149, 191
What are the prime factors of 5989782?
2, 3, 37, 26981
What are the prime factors of 604?
2, 151
What are the prime factors of 869778?
2, 3, 7, 13, 59
What are the prime factors of 158067?
3, 7, 13, 193
What are the prime factors of 116732?
2, 7, 11, 379
What are the prime factors of 3522545?
5, 13, 54193
List the prime factors of 20730115.
5, 7, 592289
What are the prime factors of 31638068?
2, 7, 11, 139, 739
List the prime factors of 728259.
3, 7, 34679
List the prime factors of 1717368.
2, 3, 163, 439
List the prime factors of 1101128.
2, 7, 53
List the prime factors of 12506500.
2, 5, 25013
What are the prime factors of 75192?
2, 3, 13, 241
What are the prime factors of 26320217?
7, 11, 341821
What are the prime factors of 14585977?
7, 19, 15667
List the prime factors of 249817.
131, 1907
List the prime factors of 89543.
151, 593
What are the prime factors of 848039?
139, 6101
What are the prime factors of 1667395?
5, 333479
List the prime factors of 10039938.
2, 3, 293, 5711
List the prime factors of 1336712.
2, 13, 12853
What are the prime factors of 635483?
635483
List the prime factors of 10026605.
5, 29, 69149
List the prime factors of 3707714.
2, 1853857
List the prime factors of 284282.
2, 307, 463
List the prime factors of 1778917.
7, 67, 3793
List the prime factors of 440189.
37, 11897
List the prime factors of 10300220.
2, 5, 7, 29, 43, 59
What are the prime factors of 186789?
3, 19, 29, 113
What are the prime factors of 220134?
2, 3, 19, 1931
What are the prime factors of 81291?
3, 7, 79
List the prime factors of 6036660.
2, 3, 5, 7, 1597
List the prime factors of 194644.
2, 48661
What are the prime factors of 1752650?
2, 5, 35053
List the prime factors of 1415035.
5, 283007
What are the prime factors of 196231?
7, 17, 97
What are the prime factors of 4269511?
4269511
What are the prime factors of 9661534?
2, 67, 72101
What are the prime factors of 983910?
2, 3, 5, 32797
What are the prime factors of 344825?
5, 13, 1061
What are the prime factors of 4753650?
2, 3, 5, 11, 43, 67
What are the prime factors of 971707?
11, 88337
List the prime factors of 30680.
2, 5, 13, 59
What are the prime factors of 13540410?
2, 3, 5, 13, 71, 163
What are the prime factors of 227010?
2, 3, 5, 7, 23, 47
What are the prime factors of 304536?
2, 3, 12689
List the prime factors of 937614.
2, 3, 156269
List the prime factors of 3749069.
23, 163003
What are the prime factors of 10081717?
10081717
What are the prime factors of 10322429?
13, 794033
List the prime factors of 786310.
2, 5, 7, 47, 239
What are the prime factors of 13193788?
2, 71, 46457
List the prime factors of 398286.
2, 3, 7, 29, 109
List the prime factors of 1297212.
2, 3, 7, 15443
List the prime factors of 417572.
2, 104393
What are the prime factors of 40076?
2, 43, 233
List the prime factors of 3656009.
7, 173, 3019
List the prime factors of 54361.
54361
What are the prime factors of 3837882?
2, 3, 639647
What are the prime factors of 275275?
5, 7, 11, 13
What are the prime factors of 1451419?
953, 1523
List the prime factors of 4828674.
2, 3, 29, 27751
List the prime factors of 6982586.
2, 13, 271, 991
What are the prime factors of 17508501?
3, 389, 1667
What are the prime factors of 15554925?
3, 5, 257, 269
List the prime factors of 3998153.
659, 6067
List the prime factors of 1419773.
607, 2339
List the prime factors of 835253.
835253
List the prime factors of 2023686.
2, 3, 7, 16061
What are the prime factors of 187832?
2, 53, 443
What are the prime factors of 567035?
5, 7, 17, 953
What are the prime factors of 973996?
2, 41, 5939
List the prime factors of 468501.
3, 11, 14197
What are the prime factors of 2363753?
7, 43, 7853
List the prime factors of 230158.
2, 115079
List the prime factors of 19062099.
3, 7, 302573
List the prime factors of 10580594.
2, 37, 142981
List the prime factors of 827487.
3, 91943
What are the prime factors of 12628682?
2, 11, 574031
What a